y 12?
4
Calculate the remainder when 210 is divided by 65.
15
What is the remainder when 225 is divided by 33?
27
What is the remainder when 2599 is divided by 130?
129
What is the remainder when 502 is divided by 50?
2
Calculate the remainder when 5198 is divided by 6.
2
Calculate the remainder when 26 is divided by 14.
12
Calculate the remainder when 2207 is divided by 24.
23
What is the remainder when 73 is divided by 35?
3
Calculate the remainder when 94 is divided by 28.
10
What is the remainder when 604 is divided by 101?
99
What is the remainder when 2603 is divided by 39?
29
What is the remainder when 1491 is divided by 68?
63
Calculate the remainder when 22 is divided by 10.
2
Calculate the remainder when 40 is divided by 7.
5
Calculate the remainder when 2728 is divided by 10.
8
What is the remainder when 650 is divided by 93?
92
Calculate the remainder when 49 is divided by 31.
18
Calculate the remainder when 301 is divided by 61.
57
What is the remainder when 75 is divided by 24?
3
What is the remainder when 443 is divided by 213?
17
Calculate the remainder when 53567 is divided by 62.
61
What is the remainder when 1007 is divided by 7?
6
Calculate the remainder when 805 is divided by 62.
61
Calculate the remainder when 824 is divided by 46.
42
Calculate the remainder when 1258 is divided by 97.
94
Calculate the remainder when 1918 is divided by 12.
10
What is the remainder when 14615 is divided by 47?
45
Calculate the remainder when 133 is divided by 16.
5
Calculate the remainder when 517 is divided by 20.
17
What is the remainder when 3006 is divided by 23?
16
Calculate the remainder when 4726 is divided by 2359.
8
Calculate the remainder when 307 is divided by 104.
99
Calculate the remainder when 327 is divided by 66.
63
What is the remainder when 1415 is divided by 118?
117
Calculate the remainder when 539 is divided by 473.
66
What is the remainder when 930 is divided by 24?
18
Calculate the remainder when 130 is divided by 3.
1
What is the remainder when 263 is divided by 41?
17
What is the remainder when 413 is divided by 101?
9
What is the remainder when 2438 is divided by 1204?
30
What is the remainder when 4513 is divided by 122?
121
What is the remainder when 1173 is divided by 239?
217
Calculate the remainder when 174 is divided by 97.
77
Calculate the remainder when 1167 is divided by 26.
23
Calculate the remainder when 41 is divided by 22.
19
What is the remainder when 105 is divided by 46?
13
What is the remainder when 1018 is divided by 30?
28
Calculate the remainder when 1003 is divided by 103.
76
What is the remainder when 6970 is divided by 84?
82
What is the remainder when 1782 is divided by 85?
82
What is the remainder when 203 is divided by 166?
37
Calculate the remainder when 1430 is divided by 32.
22
What is the remainder when 884 is divided by 127?
122
Calculate the remainder when 67 is divided by 12.
7
What is the remainder when 126 is divided by 58?
10
What is the remainder when 271 is divided by 96?
79
Calculate the remainder when 218 is divided by 61.
35
Calculate the remainder when 181 is divided by 26.
25
Calculate the remainder when 559 is divided by 154.
97
What is the remainder when 1173 is divided by 42?
39
What is the remainder when 716 is divided by 145?
136
What is the remainder when 45 is divided by 5?
0
Calculate the remainder when 448 is divided by 18.
16
What is the remainder when 1040 is divided by 331?
47
What is the remainder when 125 is divided by 12?
5
What is the remainder when 79 is divided by 4?
3
What is the remainder when 2756 is divided by 7?
5
Calculate the remainder when 784 is divided by 48.
16
What is the remainder when 235 is divided by 8?
3
What is the remainder when 1121 is divided by 302?
215
Calculate the remainder when 1666 is divided by 12.
10
Calculate the remainder when 267 is divided by 66.
3
What is the remainder when 5541 is divided by 88?
85
What is the remainder when 4387 is divided by 133?
131
What is the remainder when 200 is divided by 6?
2
Calculate the remainder when 709 is divided by 132.
49
Calculate the remainder when 422 is divided by 342.
80
What is the remainder when 23 is divided by 9?
5
What is the remainder when 141 is divided by 91?
50
Calculate the remainder when 146 is divided by 37.
35
What is the remainder when 440 is divided by 89?
84
Calculate the remainder when 217 is divided by 22.
19
What is the remainder when 1285 is divided by 99?
97
What is the remainder when 1085 is divided by 298?
191
Calculate the remainder when 271 is divided by 65.
11
What is the remainder when 4119 is divided by 205?
19
What is the remainder when 3037 is divided by 231?
34
Calculate the remainder when 2210 is divided by 55.
10
What is the remainder when 399 is divided by 10?
9
What is the remainder when 28780 is divided by 78?
76
What is the remainder when 977 is divided by 20?
17
What is the remainder when 296 is divided by 13?
10
Calculate the remainder when 329 is divided by 55.
54
Calculate the remainder when 1928 is divided by 36.
20
What is the remainder when 212 is divided by 115?
97
Calculate the remainder when 257 is divided by 65.
62
What is the remainder when 1041 is divided by 83?
45
What is the remainder when 907 is divided by 130?
127
Calculate the remainder when 623 is divided by 54.
29
Calculate the remainder when 499 is divided by 191.
117
What is the remainder when 207 is divided by 35?
32
Calculate the remainder when 2550 is divided by 143.
119
What is the remainder when 5599 is divided by 35?
34
Calculate the remainder when 457 is divided by 187.
83
Calculate the remainder when 377 is divided by 90.
17
Calculate the remainder when 332 is divided by 37.
36
Calculate the remainder when 331 is divided by 30.
1
What is the remainder when 459 is divided by 156?
147
Calculate the remainder when 333 is divided by 56.
53
Calculate the remainder when 10186 is divided by 23.
20
What is the remainder when 455 is divided by 76?
75
What is the remainder when 161 is divided by 29?
16
What is the remainder when 143 is divided by 12?
11
Calculate the remainder when 239 is divided by 53.
27
Calculate the remainder when 3366 is divided by 10.
6
Calculate the remainder when 128 is divided by 34.
26
What is the remainder when 711 is divided by 237?
0
What is the remainder when 93 is divided by 10?
3
Calculate the remainder when 1887 is divided by 14.
11
Calculate the remainder when 133 is divided by 37.
22
What is the remainder when 217 is divided by 84?
49
Calculate the remainder when 81 is divided by 73.
8
Calculate the remainder when 4338 is divided by 53.
45
Calculate the remainder when 562 is divided by 94.
92
Calculate the remainder when 5716 is divided by 10.
6
Calculate the remainder when 727 is divided by 10.
7
Calculate the remainder when 705 is divided by 232.
9
What is the remainder when 946 is divided by 298?
52
Calculate the remainder when 281 is divided by 26.
21
Calculate the remainder when 22039 is divided by 329.
325
What is the remainder when 123 is divided by 38?
9
Calculate the remainder when 6843 is divided by 14.
11
What is the remainder when 4785 is divided by 14?
11
What is the remainder when 10178 is divided by 87?
86
Calculate the remainder when 116 is divided by 37.
5
What is the remainder when 498 is divided by 10?
8
What is the remainder when 97 is divided by 96?
1
What is the remainder when 17 is divided by 17?
0
What is the remainder when 9260 is divided by 157?
154
What is the remainder when 18 is divided by 6?
0
Calculate the remainder when 717 is divided by 91.
80
What is the remainder when 1595 is divided by 47?
44
What is the remainder when 22150 is divided by 39?
37
Calculate the remainder when 126 is divided by 41.
3
What is the remainder when 356 is divided by 30?
26
What is the remainder when 3960 is divided by 395?
10
What is the remainder when 349 is divided by 149?
51
Calculate the remainder when 2950 is divided by 14.
10
What is the remainder when 323 is divided by 47?
41
Calculate the remainder when 391 is divided by 79.
75
Calculate the remainder when 455 is divided by 152.
151
Calculate the remainder when 637 is divided by 11.
10
What is the remainder when 131 is divided by 24?
11
Calculate the remainder when 4